ghest common factor of b and 2.
2
Suppose 4*t + q = 2*t + 11, -q = -t + 13. Calculate the greatest common divisor of 16 and t.
8
Let c = 77 - 71. Suppose -3*m + 3*a + 57 = 6, 3*m + 4*a - 58 = 0. Calculate the greatest common divisor of m and c.
6
Let g be (32/3)/(1/21). What is the greatest common divisor of 28 and g?
28
Suppose -2*a = -a + 30. Let d be (-1136)/a - 12/(-90). Calculate the greatest common factor of d and 19.
19
Suppose 3*c - 1 = 5. Calculate the greatest common divisor of c and 5.
1
Let c = 40 + -9. What is the highest common factor of 155 and c?
31
Suppose -3 = 2*j - 13. What is the highest common factor of 1 and j?
1
Let k = -6 + 11. Suppose 36 = 2*g - 4*o, 0 = o + 3*o + 16. What is the highest common divisor of g and k?
5
Suppose 5*d + 4*a - a = 80, 5*d = -4*a + 80. Calculate the greatest common divisor of d and 8.
8
Let f be 22/4*1*4. Calculate the greatest common divisor of 176 and f.
22
Suppose 0 = 5*l - 21*l + 784. Suppose -s - 4*s - 18 = -4*p, 3*p - 4*s = 13. What is the greatest common divisor of l and p?
7
Let s(j) = j - 2. Let v be s(4). Suppose -2 = -v*o + 2. Let m be 1/(o*(-2)/(-260)). Calculate the highest common divisor of 13 and m.
13
Suppose 5*k - 21 - 4 = 0. Suppose -17 = 5*a + 138. Let g = 86 + a. What is the greatest common factor of g and k?
5
Let t be (90/(-4))/(16/(-288)). Calculate the highest common divisor of t and 45.
45
Suppose -8 = -3*v + 1. Let u = v - 2. Let n be (2/(-2))/(7/(-56)). Calculate the highest common factor of n and u.
1
Let o = 24 + -14. Calculate the greatest common factor of 15 and o.
5
Suppose o - 20 = -4*o. Let x be (-1)/1 + 218/2. Suppose 0*t + x = o*t. Calculate the greatest common factor of t and 3.
3
Let l(x) = 3*x**2 - x. Let j be l(-1). Suppose 0 = -j*h - 2 + 26. Calculate the highest common factor of h and 66.
6
Let j be 1967/14 + 1/(-2). What is the greatest common divisor of 28 and j?
28
Let m be -1 - (-1 + (-1 - 1)). Suppose -m*x + 3*u = x - 39, -5*x = 5*u - 85. Calculate the highest common divisor of 10 and x.
5
Suppose 0 = x - 2*x + 78. Suppose -i = i - x. What is the highest common factor of i and 13?
13
Let j(m) = 8*m**2 + 3*m - 5. Let w be j(2). What is the greatest common factor of 99 and w?
33
Let z = 143 + -66. What is the highest common factor of 11 and z?
11
Let b(f) = -5*f - 6. Let l be b(-14). Calculate the greatest common divisor of 8 and l.
8
Suppose -155 = -3*t - 20. Calculate the highest common factor of 5 and t.
5
Let w = 50 + 5. Let l be ((-4)/6)/((-1)/33). What is the greatest common factor of w and l?
11
Let z = 9 + -4. Suppose -4*s = s - z. What is the highest common factor of s and 1?
1
Let u(q) be the second derivative of 0 - 1/6*q**3 + q + 0*q**2. Let k be u(-10). Calculate the highest common factor of 90 and k.
10
Let q be 3 + -4 + 11 + 3. What is the highest common factor of q and 39?
13
Let o = 32 + 15. What is the greatest common factor of o and 235?
47
Suppose 0*x + 4*f - 6 = 2*x, -4*x - f - 12 = 0. Let t be ((-98)/x)/(1/6). Calculate the highest common factor of t and 28.
28
Suppose 0 = -5*s + 4*s + 48. What is the highest common factor of 6 and s?
6
Let h = 4 - -8. Suppose -g - 2*g - 4*f + 9 = 0, -9 = -3*g + 3*f. Let k be (-2)/g - 74/(-3). What is the highest common divisor of k and h?
12
Suppose 4*h = -5*v + 896, 2*v = -3*v + 3*h + 868. Suppose -946 + v = -5*l. What is the highest common factor of 14 and l?
14
Let x(m) = m**2 - 7*m - 6. Let w be x(10). What is the highest common divisor of 120 and w?
24
Let x(d) = 5 + 2*d**2 - 3 + 0*d - 3*d + 2*d. Let f be x(2). Let j be 63 - (-1 - -2)*-1. What is the highest common factor of f and j?
8
Let y = -2 - -7. Suppose y*w + 0*w = 120. What is the highest common factor of w and 16?
8
Let y = -254 - -259. Let n(x) = -x**3 + 8*x**2. Let z be n(5). Suppose -3*w = 2*w - z. What is the greatest common factor of y and w?
5
Let d = -10 - -13. Suppose -3*i + 5*f = -267, 0 = -i - 2*f + 3*f + 87. Suppose 6*x - 2*x - i = 0. What is the highest common divisor of d and x?
3
Let f(j) = j**3 - 2*j**2 + j + 3. Let c be f(3). Suppose -18*p - 9*p + 2835 = 0. What is the greatest common divisor of p and c?
15
Suppose -3*w + 80 = w. Suppose 2*v = -3*v + 150. Calculate the highest common factor of w and v.
10
Suppose -j - 5 = -32. Suppose 0 = 3*f - 22 - 47. Let l = -14 + f. What is the highest common divisor of l and j?
9
Let f be 33/(-15) - 2/(-10). Let b = 0 - f. Let z(j) = 42*j - 3. Let a be z(b). Calculate the greatest common divisor of 9 and a.
9
Let v = -17 - -19. Suppose -v*p + 56 = -p. What is the greatest common divisor of p and 7?
7
Let r(h) = -2*h - 3*h - h**3 + 9*h**2 - 2*h + 4. Let d be r(5). What is the greatest common divisor of d and 46?
23
Let k(l) = -l**2 + 14*l - 15. Let b be k(6). Calculate the highest common factor of 33 and b.
33
Suppose -2*f - 10*l = -12*l - 18, 0 = -5*f + 3*l + 49. What is the highest common factor of f and 88?
11
Let i(l) = 7*l**2 - l - 2. Let c be i(-2). Let r be (1*10*1)/(125/1050). What is the highest common divisor of c and r?
28
Let t(m) = 9*m - 34. Let d be t(10). What is the greatest common factor of d and 84?
28
Let r = -31 - -43. Suppose 2*f = 4*h + 36, f + 0*f = 4*h + 18. What is the greatest common divisor of r and f?
6
Let b(o) be the second derivative of o**4/12 - 5*o**3/3 + 7*o**2/2 + o. Let k be b(11). What is the highest common factor of k and 72?
18
Suppose -1 = -5*w - 11, -2*f + 18 = -4*w. Let l = -40 + 40. Let h = f - l. Calculate the highest common factor of h and 40.
5
Let w(m) = 10*m + 14. Let i be w(7). What is the greatest common divisor of 21 and i?
21
Let i(a) = a**2 + a - 12. Let q be i(10). What is the greatest common factor of q and 14?
14
Let l be ((-24)/10)/(30/(-400)). What is the greatest common factor of 4 and l?
4
Suppose 5*k - 12 = 4*k. What is the greatest common factor of 20 and k?
4
Let l = 26 - 16. Let a be ((-20)/8)/((-1)/6). What is the greatest common factor of l and a?
5
Suppose 7 - 1 = k. Let r = -2 + k. What is the greatest common divisor of r and 2?
2
Let z = -27 + 34. Let f be (z - -4)*(3 - 2). What is the greatest common divisor of 55 and f?
11
Let u = 19 - 17. Calculate the greatest common factor of 22 and u.
2
Suppose -t - 2*t + w = -34, -44 = -4*t + w. Suppose t = 2*n + 3*n. What is the highest common divisor of 6 and n?
2
Let z be 12*((-4 - -8) + -3). Let w(i) = i**2 + 3*i + 5. Let m be w(-5). Let y = m - 7. What is the highest common divisor of y and z?
4
Let n(u) = 2*u**2 - 14*u - 6. Let h be n(10). Suppose h = q - 0*q. Calculate the highest common factor of q and 36.
18
Let i = 70 - 34. Let v = 22 + -16. Let y(q) = q + 3. Let a be y(v). Calculate the highest common divisor of i and a.
9
Let k = 12 - 10. Let u be 3*-2*(-17)/k. What is the greatest common factor of 34 and u?
17
Suppose -1 = -4*a + 23. Let d be 1*68*2/4. Suppose 0 = 4*w + 3*v - 38, 3*w - v = -a*v + d. What is the highest common divisor of w and 8?
8
Suppose 3*h = 8*h - 3*o - 28, 0 = h + o - 4. Suppose -3*q = q - 80. What is the highest common factor of q and h?
5
Let l = -4 - 6. Let m = l + 12. What is the highest common factor of 6 and m?
2
Let u be (1/(-2))/((-1)/6). Suppose -2*q + 65 = 3*c, -u*c - 2*q + 62 = -3*q. Calculate the highest common divisor of c and 3.
3
Let m(v) = -2*v**2 - 6*v - 1. Let s be m(-4). Let g be (192/s)/(-4)*6. Let n(h) = -39*h + 2. Let r be n(-2). Calculate the highest common divisor of r and g.
16
Let m(a) = -2*a**2 - 9*a - 2. Let o(f) = 2*f**2 + 8*f + 1. Let p(w) = -5*m(w) - 4*o(w). Let g be p(-9). What is the highest common divisor of g and 34?
17
Suppose -3*c = -4*u + 4, u + 12 = -0*u + 4*c. Let h(m) = 5*m + 0*m + m + m**3 - 3*m**2. Let s be h(u). Calculate the greatest common factor of s and 5.
5
Let c = -105 - -171. Calculate the greatest common factor of c and 11.
11
Suppose 4*w = 2*x + 101 + 1, w - 3*x = 28. Calculate the greatest common factor of 200 and w.
25
Suppose -4*c + 134 = 5*d, -20 - 150 = -5*c - 5*d. Let q(y) = -2*y - 6. Let w be q(-5). Calculate the greatest common divisor of c and w.
4
Let h be -1*((3 - 1) + -3). Suppose -h - 3 = -4*j. What is the highest common factor of j and 11?
1
Let p(r) = 2*r - 1. Let j be p(1). Let m be 2 + 6 + (-2 - -1). Calculate the greatest common factor of j and m.
1
Let g = -57 